 + -16 + (1 - (-2 + 25))
-34
Evaluate -19 + (31 - -29) + 8 - ((-2 - -4) + -7).
54
What is the value of 17 + (0 + -13 - (-34 + (20 - 3)))?
21
Evaluate (38 + 3 - 1) + (-74 - -64) - -5.
35
What is the value of 83 + -71 + 34 + -25?
21
-8 - 4 - (1 - -33 - (-74 + (66 - 4)))
-58
Calculate (-27 - 10 - -3) + 13 + -7.
-28
What is 4 + (1 + -7 - (-34 - -24)) + (1 - 26)?
-17
What is the value of -11 + 43 - (102 + -55)?
-15
(-22 - -35) + -1 + -10 - ((-10 - -10) + -86)
88
-20340 - -20392 - (-3 + (0 - -9) + -2)
48
Evaluate 570 + -552 - (-5 - 37).
60
32 - (89 + (-142 - -106))
-21
Calculate (30 - 26) + -50 + 46.
0
What is (21 - (-18 - (24 + -18))) + 5?
50
Evaluate (12 + -6 - (-32 + 85)) + 19.
-28
What is the value of -1 + 10 + 14 + 3 + (-39 - -51)?
38
Evaluate (9 - 2 - (6 + -11 + 14) - 6) + 44.
36
What is 112 + -187 + (0 - (-14 - -6))?
-67
(-2 + 1 + -6 - -13 - (17 + -11)) + -3
-3
What is -44 + -13 + 11 + 7 + 6?
-33
What is 1 - 72 - 14 - (1 + 2 + -8 - -6)?
-86
51 - -9 - ((-1 - -10) + -4) - 10
45
What is 15 + -10 + 22 + 27 + -49 + 19?
24
What is the value of -20 + -24 + 25 + -4 + 44?
21
What is the value of 12 + 17 + -32 + 8 - 92?
-87
Calculate (-15 - (-17 - -39)) + (-6 + 26 - 9).
-26
Evaluate (142 - (155 - 8)) + (-1 - (1 - 0)) - -23.
16
What is the value of (-61 - (45 + -156)) + (-27 - 0)?
23
-30 + 50 - (55 + (1 - 11))
-25
What is the value of 170 + -207 + 4 - (-1 + -15)?
-17
Evaluate -24 - (-1 + 9 - (186 + -171) - -7).
-24
Evaluate 1486 + -1398 + (-3 - 154).
-69
Evaluate -10 - (-17 + 36 - 58) - 7.
22
What is -4 + (44 - 16) + -22 + 6?
8
What is the value of (-21 - ((-8 - -1) + (-3 - (-15 - 1)))) + -1?
-28
What is -10 + 0 + 5 + (5 - 13 - -7) - 39?
-45
Calculate 33 + -12 + -23 + -69 + (-2 - (5 - 2)).
-76
What is the value of -346 + 298 - (1 - -6)?
-55
37 + -61 + ((4 - -5) + -16 - -18)
-13
What is the value of 15 - ((77 - 11) + -28)?
-23
What is the value of 4 + 54 + (-16 - 4)?
38
What is the value of 16 - (-14 + 3) - (37 - 29)?
19
Evaluate -15 - (27 - (-45 + 90)).
3
Calculate (-80 - -77 - (1 + -13)) + -38 + (-2 - 8).
-39
What is -40 + -52 + 65 + 81?
54
Evaluate (8 - -40) + (-8 + 22 - 1 - 21).
40
Evaluate (-85 - -94) + -4 + 39.
44
Evaluate -25 - (17 + -17 - 16) - 7.
-16
(-30 - -48) + -65 + (5 - -10)
-32
Calculate -11 - ((13 + 3 - -5) + -17).
-15
What is the value of (23 - (0 - -9)) + (-20 - 23) + 58?
29
What is the value of -15 + 37 + -29 + 23 + -1?
15
(20 + -28 + -65 - 2) + -4
-79
(-114 + 31 - -93) + -1 + -2 + -76
-69
Evaluate (1 - 49) + 798 + -803.
-53
What is 30 - 71 - -31 - -67 - -20?
77
Calculate (8 - 75) + (-1 - 7) + -120 + 113.
-82
Evaluate (-100 + 3 - (115 + -100)) + (7 - (9 - 16)).
-98
(-46 - -1) + (-27 - (-22 + 18)) + 22
-46
-14 - (20 - -31 - 67)
2
What is 10 + (37 - 0 - ((-17 - 15) + 23 - -2))?
54
Calculate -13 + (-1 - -4 - 9) + -26.
-45
2 + -2 + (-5 - (5 + -83)) + 1 + -7
67
What is (-21 - -58) + -9 - -42?
70
What is -67 + (76 - -174) - 100?
83
-31 + (1 - 3 - (220 + -232 + (19 - -1)))
-41
What is the value of (276 - 204) + (-45 - -2)?
29
Evaluate (-23 - (-21 + -34)) + -73.
-41
Evaluate 9 - -39 - (159 + -148).
37
What is -60 + (49 - (26 + 27))?
-64
45 + -36 + -1 + 3 - (110 + -126)
27
231 + 111 + -346 - (-63 - -1)
58
Calculate 1 - (24 - 1) - (-135 + 69 + 60).
-16
Calculate (181 - 177) + -142 + (-1 - -36).
-103
What is (-6 - -4) + (0 - (-10 + -3) - 8)?
3
What is 8 - (3 - 6 - (-29 - -22)) - 34?
-30
-9 + (24 - -10) + -16
9
What is 81 + 0 - 82 - -65?
64
Calculate (8 - (-55 + -1)) + (1 - 1 - (-71 - -81)).
54
Evaluate 54 + 13 - -3 - (6 - -1).
63
Evaluate -8 + 76 + (37 - (56 + 7)).
42
Evaluate -26 + (9 + -45 - (-12 + -76)).
26
-53 + (-12 - -18 - 5) + -8 - -21
-39
Calculate 43 + (-10 - -4) + (1047 - 1034).
50
What is the value of -18 + (-5 - -3 - 6) + (-127 - -144)?
-9
What is -383 + 380 + -61 + -4?
-68
What is the value of 2 + 50 - (-1620 + 1623)?
49
Calculate -1 + -56 + (128 - 33).
38
What is -5 - 18 - 14 - (-47 - -108)?
-98
What is the value of (-5 + -25 - -5) + 12 + 1 - 11 - -5?
-18
What is the value of 19 + (16 - (-20 + 38 + -15 + 14))?
18
Calculate 63 + -68 + 26 + (-2 - 96).
-77
What is the value of 86 + (-44 - -31) + -24?
49
1 + -2 + 2 - (7159 + -7143)
-15
What is (-29 - (-99 + 55)) + 11?
26
What is the value of 40 + -31 + 31 + 6?
46
What is the value of (1 - (81 - 4)) + (171 - 174) + -2?
-81
Evaluate (37 - 15) + (-65 - -60 - (1 - -2)).
14
Calculate (-32 + 24 - (-4 + 64)) + 9 + 3 + -5.
-61
What is the value of 21 + (-7 - -4) + 12 + -39?
-9
Calculate (7 - (1 - 8)) + (4 - 61).
-43
Calculate 41 + (-58 - -34) - 75.
-58
Evaluate 9 - (-1 - -2) - (-217 - -243 - (-5 - -25)).
2
What is the value of 34 + -65 + 46 + 17?
32
What is ((-8 - (-3 - -6)) + 0 - 7) + -11?
-29
0 + (2 - (0 - 32)) + 19055 + -19069
20
What is the value of 10 + -44 + (23 - 21)?
-32
Calculate 184 + -63 - 132 - (-25 + -1).
15
Evaluate -55 + (359 - 381) + 5 + 14.
-58
25 + (12 - 6) + -16 + (0 - 17)
-2
Calculate -4 + (6 - 0) - (459 + -466).
9
What is the value of -19 + -1 + 1 - (81 - 83 - 4)?
-13
Calculate (-25 - -2) + (17 + -54 - -9).
-51
What is the value of (296 - 358) + -1 + 27?
-36
What is the value of (16 - (23 + 55)) + 7 + (9 - 9)?
-55
Calculate (60 - 72) + -38 + 16.
-34
What is -7 + (-5 - -3) + (-51 + -4 - (13 - 13))?
-64
Calculate 19 + -52 + 13 + -6 - 22.
-48
Evaluate (-11 + (11 - 6) - (-7 - -4)) + -22.
-25
What is (39 + -21 - (7 - -6 - -6)) + 12?
11
-119 + 113 + (8 - (-104 + 8)) + 6
104
Evaluate 30 - 27 - (17 - 48).
34
Calculate -162 - (66 + -126) - (-30 + -2).
-70
What is the value of -3 + -32 + (-12 - 74) + 120?
-1
What is 4 - 18 - ((5 - 5) + -29 + 101 + -1)?
-85
What is the value of ((-1 - 26) + -9 - -10 - -133) + 1 + -10?
98
What is the value of -19 + (-19 - 23) + 6 - (0 + 4)?
-59
What is the value of 75 - (-63 - (-43 + 20) - -86)?
29
What is 1155 - 1160 - (-5 + 4 + -2 + 20) - 14?
-36
What is -369 - -377 - (-2 + (33 - (8 - 2)))?
-17
(-46 - -14) + (-8 - -25) + -7
-22
26 + 12 + -11 + -32 + (-2 - 0)
-7
Calculate -2 + (8 - (8 + -10)) - (14 + (-21 - -9)).
6
Calculate -48 - ((-88 - 45) + 14).
71
(-3 - (-2 + 13)) + (-89 - (44 + -58))
-89
Evaluate (1 - 52) + -11 - (85 + -84).
-63
What is the value of 96 - 53 - 36 - (2 + (7 - -14))?
-16
Calculate (11 + -34 - -29) + -24 - 9.
-27
Evaluate -4 + (112 - (4 - ((3 - -14) + -26))).
95
Evaluate (1 + 39 + (9 - 4) - 1) + -195 + 204.
53
Calculate -41 + 52 + (8 - 17) + (1 - -84 - 2).
85
Evaluate -8 + (2 - (39 + -24)).
-21
(11 - 25 - -5) + 28 + -16
3
What is (-31 - 7) + (-32 - -22) + 37?
-11
What is -38 + (-868 + 1018 - (-23 - 0))?
135
Evaluate 2743 - 2689 - (1 - -4) - 42.
7
What is -10 + -19 - (-611 + 608)?
-26
Evaluate 145 + (7 - 1) + -7 - (466 - 453).
131
What is -1066 - -1064 - (-1 - -8)?
-9
What is the value of (-67 - -81) + -38 + 0 + 13?
-11
What is (-4 - -1) + (134 - 143) - (-13 + 2 - -34)?
-35
(11 - 13) + (2 - (5 + -4) - -17)
16
Evaluate 748 - 690 - (-1 - 12).
71
Calculate -220 + 237 - (-19 + (1 - 0)).
35
Evaluate (-7 - -4) + 12 + -5 - (55 - (-3 - -6)).
-48
Evaluate 86 - (-26 + 19 + 49 - 22).
66
Evaluate (-8 - -35) + -5 + (-11 - -48) + 56.
115
16 + (7 - (-14 - -61))
-24
Evaluate (-6 + -9 - ((-2 - 1) + 3)) + -2.
-17
What is -30 - ((5 + 2 - -25) + -15)?
-47
What is 0 + 1 + 2 + 3345 + -3333?
15
What is the value of 79 + 0 + (43 + -51 - -55 - 24)?
102
58 + -7 + 7 + -2 + (11 - (-11 + 17))
61
What is (12 - -33) + (-108 + 34 - -28)?
-1
Evaluate (-64 + 64 - -77) + -3 + 19 - (-1 + 0).
94
(8 - 20 - -14) + (-17 - -44) + (1 - 9)
21
Evaluate (22 - 113) + -367 + 430.
-28
Calculate 11 + -2 + -11 + -4 + -59 + 1.
-64
29 - ((-256 - -259) + (1 - -129))
-104
What is the value of (30 - 23) + -22 - -62 - 15?
32
(12 - 9) + (-193 - -241) - (-1 + -5)
57
What is the value of (-2 + 1 - (-4 - -2)) + -218 + (303 - 151)?
-65
What is 8 + (53 - 32 - 1) - 17?
11
What is the value of 105 + -45 + 1 + (-1834 - -1851)?
78
What is 23 - (-4 + 12 + (-23 - -15)) - -66?
89
25 + 1 + -43 + 21
4
Evaluate (-46 - 1) + (3128 - 3047).
34
What is -40 - -2 - (-83 - (136 + -153))?
28
What is the value of (-4 - -69) + (-3 - 8) + 15 + -9 + -1?
59
What is (19 - (-136 + 140)) + -142?
-127
What is the value of -35 - (-27 + 25 + (30 - -3))?
-66
(19 + (-2 - -1) - (49 - 40)) + (0 - -16)
25
What is -49 - (48 - 63) - (-1 - -1 - -3)?
-37
What is the value of 9 + (-26 - (-16 + 12)) + (1 - -15)?
3
Calculate (99 